etermine u(g).
3
Let w(l) be the second derivative of -l**3/3 + l**2/2 - 2*l. Suppose g = 6*g + 25. Let k(j) = 3*j - 3. Let q(y) = g*w(y) - 3*k(y). Calculate q(-5).
-1
Let r(b) = -3 - 80*b + b**2 + 76*b + 3. What is r(3)?
-3
Let x(b) = b**3 + b**2 - b + 2. Let t be x(-2). Suppose -2*i + 1 - 5 = t. Let u(w) = -2*w**3 - 3*w**2 - w - 1. Calculate u(i).
5
Let f(c) = 2*c**3 + 2*c**2 - 5*c + 8. Let s(u) = -u**3 + 0*u**3 + u**2 - 11*u + 3*u**2 + 17 + 5*u**3. Let k(z) = -13*f(z) + 6*s(z). Give k(-2).
8
Let u(n) = n**3 + 9*n**2 - 12*n - 19. Let b be u(-10). Let r(c) = -7*c. Give r(b).
-7
Let z = -6 + 8. Suppose -20 = 3*l + z*l. Let i(b) = b**3 + 3*b**2 - 3*b + 2. Give i(l).
-2
Let v(p) = -p**2 + 9*p + 12. Let a be v(10). Let w(y) = 0*y - y + 5*y + y - y**a - 1. Determine w(4).
3
Let a = 4 - 4. Suppose 12 = -4*y + 5*o - a, -14 = -y - 3*o. Suppose 5*d = z + 26, 0*d - y*d + z = -8. Let s(q) = q**3 - 7*q**2 + 6*q - 1. Calculate s(d).
-1
Let n(c) = c**2 - 4*c. Let q be 1*(0 - 2)*-1. Suppose -4 = -3*s + q, -s + 42 = -4*f. Let o be (3/2)/(-3)*f. Determine n(o).
5
Let o(d) = -5*d**2 + d - 1. Let s(l) = 10*l**2 - 2*l + 2. Let b be (1 + -1)*-1 + -5. Let k(j) = b*o(j) - 3*s(j). Let h be (-1 - 0) + (-4)/(-2). Calculate k(h).
-5
Let d(h) = h**3 - 13*h**2 - 13*h - 15. Suppose 5*a = 1 + 69. Let v be d(a). Let c(w) = -1 - 5*w + 3*w**3 + 4*w - w. Give c(v).
-2
Suppose -s + 1 - 4 = 0. Let i(f) be the third derivative of -1/24*f**4 + 0*f + 0 - 1/2*f**3 + 2*f**2. Determine i(s).
0
Let a be 336/(-54) + 4/18. Let d = 12 + a. Let z(c) = c - 14. What is z(d)?
-8
Let u(n) = 9*n - 6*n - 1 - 4*n**2 + n - 5*n. Determine u(-2).
-15
Suppose 0 = o - 6*o + 5*a + 35, 33 = 4*o - 5*a. Let k(v) = -o - v**2 + 14 - 7 + 5*v. Calculate k(6).
-1
Let v(y) = y**2 - 2*y**2 + 4 + 23*y - 18*y. What is v(5)?
4
Suppose -2*a - 4*n + n = 0, 5*a + 4*n + 14 = 0. Let r(f) be the third derivative of f**4/8 + 3*f**3/2 - 51*f**2. What is r(a)?
-9
Suppose -31*h + 72 = -19*h. Let l(p) = p**2 - 5*p - 2. Give l(h).
4
Suppose 0*u + 1 = -u. Let y(t) = -2*t**2 + 2*t + 1. Let a be y(u). Let f(w) be the second derivative of w**5/20 + w**4/3 + w**3/3 + w**2 - 2*w. What is f(a)?
5
Suppose -15 = 3*h + 3*a, 0 = -2*h + 4*a - 3*a - 13. Let w be 2/(-4) - 21/h. Let b(c) = 2*c**2 - 3*c - 2. Calculate b(w).
7
Let c(q) = q**2 + 7*q + 6. Let u be ((-3)/(-6) - 1)/(3/36). Determine c(u).
0
Let x(r) = r**3 + 6*r**2 + 6. Let f = -13 - -7. Give x(f).
6
Let u(s) = s - 1. Suppose -8 = 5*g - 3. Calculate u(g).
-2
Let w(q) be the first derivative of -2*q**2 - 2*q - 19. What is w(-2)?
6
Let v(g) = g**3 - g**2 + g - 1. Let f(j) = -8*j**2 - 5*j - 16*j**3 + 4 + 0*j + 14*j**2. Let d(x) = f(x) + 4*v(x). Determine d(1).
-11
Let q(o) = -10*o**3 + 13*o**2 - 15*o. Let p(k) = 5*k**3 - 6*k**2 + 7*k. Let l(n) = -13*p(n) - 6*q(n). Let i(f) = 2*f - 1. Let z be i(0). Calculate l(z).
6
Suppose 0 = -x + 1 + 1. Let q(d) = -2 + 2*d**x - d**2 + 6 + 8*d. Determine q(-6).
-8
Let w(j) be the third derivative of -j**6/120 + j**5/20 + j**4/4 - j**3/2 - 21*j**2. What is w(4)?
5
Let k(b) = -b**2 - 14*b - 2. Let j be k(-12). Let p = j + -16. Let o(m) = -m**2 + 7*m - 4. Give o(p).
2
Suppose 6 = 3*c - 0. Let f(a) = -2*a**2 + 6*a + a**c + 2*a**2 + 5. What is f(-5)?
0
Let x(k) = -k**3 + 4*k**2 + 4. Let v = -99 - -104. Calculate x(v).
-21
Let w(h) = -h**3 + 0 - 3*h**2 - 3*h + 0. Suppose 0 = -3*j + 16 - 1. Suppose -2*q + 2*i - 12 = 0, -i + j = 1. What is w(q)?
2
Suppose -10 = -2*w + 6. Let d = w - 8. Let c(n) = n - 3. Determine c(d).
-3
Let c(n) be the third derivative of -n**5/10 + n**4/12 - n**3/6 - 2*n**2. Let u(r) = -r**2 + 2*r + 1. Let o be u(2). Let m = 2 - o. Calculate c(m).
-5
Let i(a) = -4*a**2 + 9*a + 3. Let h = -3 + -10. Suppose -4*w + 24 + 0 = 0. Let r(o) = -9*o**2 + 19*o + 7. Let q(c) = h*i(c) + w*r(c). Calculate q(-3).
-6
Let m(y) = 17*y - 8. Let r(c) = -84*c + 39. Let i(b) = 24*m(b) + 5*r(b). Determine i(2).
-21
Let k(r) = -4*r + 2. Let g(q) = 2*q - 1. Let d(i) = -9*g(i) - 4*k(i). What is d(1)?
-1
Let b(r) be the second derivative of 0 - 1/30*r**5 + 1/3*r**3 - 1/120*r**6 + 1/24*r**4 + r**2 - r. Let q(s) be the first derivative of b(s). Give q(-2).
0
Let t(h) = -7 + 0*h - h + 2. Suppose 5*c + 3*w = 7, 2*c - 2 = -0*w - 2*w. Suppose c*q + 3*z = -3*q + 17, -2 = -q - 2*z. Calculate t(q).
-9
Let m(l) = -9*l**2 - 2*l + 1. Suppose t + 5 = 6*t. What is m(t)?
-10
Let v(s) = s**2 - 2. Let b = -19 + 15. Let j = 6 + b. Calculate v(j).
2
Let f = 5 + -1. Suppose 0*c - 8 = -f*c. Suppose -l = -c*i - 14, -5*i + l = -6 + 35. Let t(r) = -r - 8. Determine t(i).
-3
Let g(b) = 2*b**2 + 1. Let k be g(-1). Let c(r) = -3 + k + r**3 - r + r**2. Determine c(0).
0
Let i(u) = -2*u**3 - u**2. Let d be (-2)/(-2) + 1 + -2. Suppose -n = -8 - d. Suppose -j + 2*s = 3*s, -3*s + n = -5*j. What is i(j)?
1
Let d(o) = -o**2 - o + 5. Let x be d(-4). Let h = -5 - x. Let z(g) = g + 1. Give z(h).
3
Suppose 4*b + 23 = 2*g + 3*g, 0 = -2*g + b + 8. Let d(j) = j**2 - j - 3. Let o be d(g). Let s(p) = p**o + 2*p - 6*p**2 + 3*p + 4 + 0. Calculate s(5).
4
Let v(w) = -w + 7. Let d be v(8). Let y be d/(0 + 2/(-6)). Let u(i) = -11*i - 4. Let c(q) = 10*q + 3. Let l(p) = y*u(p) + 4*c(p). Give l(-1).
-7
Let v(k) = -k - 8. Suppose 4*a - 3 - 5 = 0. Let i be -1 - (0 + (0 - 6)). Suppose -i*t + a*t = 12. Calculate v(t).
-4
Let u(a) = a**3 + 2*a**2 - a - 1. Let w = 30 + -31. Calculate u(w).
1
Let p(o) = -2*o + 14. Let i(a) = a - 7. Let g(c) = 13*i(c) + 6*p(c). Calculate g(5).
-2
Let q(m) = m**2 - 7*m + 6. Suppose 0*s - 4*s - 5*f = -26, 2*f + 16 = 5*s. Suppose -s - 11 = 3*h. Let w = 9 + h. What is q(w)?
-6
Suppose u + 0*u = 0. Let z be (-2 - 5/(-2))*u. Let p(a) = z*a - 3*a + 4*a - a**3 - 4. What is p(0)?
-4
Let j = 0 + 2. Suppose 5*y = -5*k, -j*y - 2 = k - 4. Let c(a) = a**3 - 4*a + y*a - 4 + a + 5*a**2. What is c(-5)?
1
Suppose 0 = -n + 3, 0 = -a + 2*a - 3*n + 3. Let t(q) = -5*q - 13 + 13 - a*q. What is t(-1)?
11
Let w be 13/3 + (-2)/(-3). Let m = w - 9. Let a(h) = -5 + 4*h**2 - 3*h**2 + h + h**3 + 3*h**2. Give a(m).
-9
Suppose 2*c + 0 = 2*s - 18, 2*s = 5*c + 30. Let w(y) = y - 2*y**2 + 6*y**2 - 3*y**2 - 4 + y. Calculate w(c).
4
Let p(t) = -3*t - 2. Suppose 1 = -i - 3*d - 4, 5*i - 55 = d. Suppose -i + 2 = 4*k. What is p(k)?
4
Let w(r) = r**3 + r**2 + r. Let l(o) be the third derivative of o**6/120 - o**5/30 - o**4/6 + o**3/3 + 4*o**2. Let x be l(3). Give w(x).
-1
Let v(i) be the third derivative of i**6/120 + 2*i**5/15 + i**4/6 - 3*i**3/2 + 8*i**2. Calculate v(-7).
12
Let b(f) = 2*f**2 + 3*f - 1 - f**2 - 2*f. Suppose 4*y - 13 + 33 = 4*a, -5*a + y = -5. Calculate b(a).
-1
Suppose 0 = 4*u + u - 15. Let h(d) = -1 - 4 - 2*d + d**3 + u - 1 + 6*d**2. Give h(-6).
9
Let k(r) = r**3 - 4*r**2 - 3*r + 4. Suppose 3*s = 7*s - 64. Suppose -3*p - p = -s. What is k(p)?
-8
Let w be 3/(-1 - -2) - 1. Let j(r) = 0 + 2 - w*r - r**2 + 0 - r**2. What is j(-2)?
-2
Let f(u) = -2 - 2*u**3 - u**2 + 3*u + 0*u**3 + u**3 + 0*u. What is f(-3)?
7
Let p(o) = o**2 + 10*o + 7. Suppose -23 = 4*w + 1. What is p(w)?
-17
Let a = 3 - 4. Let p be a/(-3)*3*0. Suppose -h - 5 = p, 0 = -4*i - 2*h + 2. Let g(u) = u**2 - 5*u + 4. Calculate g(i).
-2
Let d(a) = -a**2 + 3*a - 5. Suppose -2*k + 5 = f, -2*k - 5*f = 3*k - 10. Suppose 8*n - 25 = k*n. What is d(n)?
-15
Let k(c) = 7*c + 1. Let h be 0 - 2*(-3 + 0). Suppose 4*l = -h*j + 4*j + 8, 3*j = -2*l + 12. Suppose -3*p + 2*p + 1 = l. Calculate k(p).
8
Let i = 23 + -16. Let w(z) = z - 2. What is w(i)?
5
Let n = 0 + -2. Let w be 3 + n - (-2 + -1). Let d(t) = t**2 - 7*t + 4. Calculate d(w).
-8
Let k(u) be the third derivative of u**6/120 - u**5/10 - u**4/4 - 2*u**3/3 + 7*u**2. What is k(7)?
3
Let t(l) = 5*l**2 - l. Suppose 4*j + 2 = 2*p, 3*j - 10 = -j - 2*p. Let c be t(j). Let o(u) = 4*u - 3*u**2 + u**2 + u**3 + c*u**2 + 2. Determine o(-2).
-6
Let b be ((-18)/30)/(6/(-20)). Let w(o) = -2*o + 1. Calculate w(b).
-3
Let q = 72 + -71. Let o(z) = -5*z**3 - 2*z**2 + 2*z - 1. Determine o(q).
-6
Let y = -4 - -8. Let t(c) = 2*c**3 + y*c**2 + c**3 + 0*c**3 - 2*c**3. Let w(z) = z - 4. Let u be w(0). Give t(u).
0
Let q(w) = -w + 12. Suppose -5*j = 3*c - 8, -5*c + 16 + 22 = -4*j. Determine q(c).
6
Suppose -5*u = -3*g + 20, 0*u + 2*g + 45 = -5*u. Let m(r) = -r**3 - 8*r**2 - 8*r + 2. Calculate m(u).
9
Suppose 0 = -5*p + 5*n, -3*p + 8